ommon factor of 7 and t.
7
Let h = -232 + 412. Let f(m) = -m**2 + 14*m + 20. Let u be f(14). What is the greatest common factor of h and u?
20
Suppose -5*u = p - 34, -5*p + 0*p = 2*u - 9. What is the greatest common divisor of u and 56?
7
Let m be (-2 - 10)*(-3)/9. Suppose m*k - k + 5*s = -4, -3*k + 4 = s. Suppose -7 - k = -y. What is the greatest common factor of y and 81?
9
Let o = -3 + 5. Suppose 5*m + 5*c - 20 = 0, m = -2*m + o*c + 17. Suppose t - m*a = -a, 3*a = t - 3. What is the greatest common divisor of 60 and t?
12
Suppose 10*l + 1 = 11*l. Calculate the greatest common divisor of 2 and l.
1
Let h = 251 + -119. Let a be (2/(-4))/(8/(-192)). Calculate the greatest common divisor of h and a.
12
Let q(d) = d**2 + d. Let w be q(-2). Suppose -w*l + 5 = 1. Suppose c = 2*j, -l*c - 7 = -5*c - j. What is the greatest common divisor of c and 18?
2
Suppose -m - 5*p = 22, -2*p - 28 = -m + 3*p. Let h be ((-4)/(-3))/(2/36). Suppose -z = m*z - h. What is the greatest common divisor of z and 3?
3
Suppose s = 2, t + 3*s + 5 = 92. Calculate the highest common divisor of t and 9.
9
Let r be (18/15)/(4/480). Calculate the greatest common factor of 18 and r.
18
Let x = -6 + 19. Suppose -468 = -0*q - 4*q. What is the greatest common divisor of x and q?
13
Suppose 0 = -2*q + 9 + 1. Suppose 0 = -5*a - 15, -3*m + 177 = -0*m + q*a. What is the greatest common divisor of 16 and m?
16
Let b = -17 - -24. Calculate the highest common divisor of 77 and b.
7
Suppose 0 = 19*l - 67 - 47. What is the highest common factor of l and 12?
6
Let b = 74 - 24. Suppose -2*y = 4*h - 306, -4*y - y + 240 = 3*h. Calculate the greatest common factor of h and b.
25
Suppose -4*t + 39 = w, 3*w = -4*t + 40 + 69. Suppose -p - 8 = -w. Calculate the highest common divisor of 3 and p.
3
Let m(b) = b**2 - 6*b + 37. Let w be m(6). Calculate the highest common divisor of w and 74.
37
Suppose -4*a = -16, a = -3*p + p + 242. Let j = 12 + 2. Suppose 2*f = -j + 48. Calculate the highest common divisor of f and p.
17
Suppose 0 = -2*x - 3*r - 2, -r + 11 = 3*x - 0. Suppose -x*d = -48 - 392. Let c = 11 + -3. Calculate the highest common divisor of c and d.
8
Let r(a) = -a**2 + 5*a + 8. Let h be r(6). What is the highest common factor of h and 14?
2
Suppose -8 - 31 = -3*o. What is the greatest common factor of o and 91?
13
Suppose a + 1 = -7. Let f(z) = z**3 + 11*z**2 + 13*z + 11. Let o be f(a). What is the greatest common factor of o and 9?
9
Let a be (-10)/(-20)*(-1 + 19). Let v(i) = -a*i**2 - 3*i**3 + 0*i + 4*i + 11 + 2*i**3 - 3*i. Let j be v(-9). Calculate the highest common divisor of j and 2.
2
Let c(w) = w**2 - 15. Let i be c(5). Calculate the greatest common factor of 30 and i.
10
Suppose f - 5*f + 48 = 0. What is the highest common divisor of f and 12?
12
Let d be 8*1*36/16. What is the greatest common factor of d and 126?
18
Let t(d) = d**3 - 2*d**2 + 5*d + 8. Let j be t(6). Let g(l) = -l + 19. Let k be g(-7). What is the highest common divisor of j and k?
26
Let a be (-8)/20 - (-141)/15. Suppose a*b - 4*b = 450. Calculate the greatest common divisor of b and 18.
18
Let s = 104 - 97. Let l = -15 + 22. Calculate the greatest common factor of s and l.
7
Let f = 0 - -1. Let t = f - -1. Let w be -6*(-1 + t)*-1. Calculate the highest common factor of 15 and w.
3
Let b be (-2 - 2)*(-77)/4. Let i = -32 + b. What is the greatest common divisor of 30 and i?
15
Suppose 12*l - 140 = 7*l. Calculate the highest common divisor of l and 224.
28
Let t be 3/3*-2 - -20. Suppose t = -0*w + 2*w. Let s = -3 + w. What is the greatest common divisor of 3 and s?
3
Let u be (-102)/4*(-10)/15. What is the highest common divisor of 68 and u?
17
Suppose 3*t = -4*l + 13, 2*t - 4*l = -0*t + 2. Calculate the highest common factor of t and 1.
1
Suppose 4*i + 3*f - 22 = 0, -4*i + 13 = 2*f - 7. What is the highest common factor of i and 12?
4
Let x be 1/(-2) + (-89)/(-2). Let r = -4 - -7. Suppose 4*p + 47 = 5*i, r*p - 3 = 3. What is the highest common factor of i and x?
11
Let j(k) be the third derivative of -k**6/120 - 3*k**5/20 - k**4/4 - 5*k**3/3 + 5*k**2. Let d be j(-9). Calculate the greatest common factor of d and 4.
4
Suppose 235 = 3*t - 4*v + 3*v, -5*v + 307 = 4*t. Calculate the highest common factor of t and 6.
6
Let u = 2 - -1. What is the highest common divisor of u and 3?
3
Let b be -1 + 2 + 1 - 3. Let v(m) = -12*m**3 + m**2 - m - 1. Let x be v(b). Let s = 35 + x. Calculate the greatest common factor of 12 and s.
12
Let x = 758 + -488. Calculate the highest common factor of x and 18.
18
Let t(h) = -h**3 - 4*h**2 + 3*h + 3. Let s be t(-5). Suppose 4*x - 3 - s = 0. What is the highest common divisor of 10 and x?
2
Suppose 8*y - 5*y + 54 = 0. Let t = 34 + y. Calculate the highest common divisor of t and 2.
2
Let d(b) = b**2 + b - 1. Let a(w) = w**2 + 6*w + 5. Let p(f) = a(f) - 2*d(f). Let q be p(5). What is the highest common divisor of q and 2?
2
Let x = -19 + 26. Calculate the highest common divisor of x and 56.
7
Let l be 1*9*(-96)/(-72). Let g = 12 - 6. Suppose m = g*m - 15. What is the highest common divisor of l and m?
3
Let o be 3 + -1 + 0 + 1. Let f = -5 - -2. Let x be 8*3/6 + f. What is the highest common factor of x and o?
1
Suppose -3*q + 4*q = 2. Suppose -4*s = q*h - 78, s + 120 = 2*h + 17. Calculate the greatest common divisor of h and 7.
7
Let c(z) = -4*z + 32. Let m be c(7). What is the greatest common divisor of m and 6?
2
Let g = 73 + -52. Suppose -1 + 2 = -u. Let b be ((-3)/6)/(u/28). Calculate the greatest common divisor of b and g.
7
Suppose -g + 3 = 2*g. Let d be 2/1*g/2. Suppose -n = -d - 7. Calculate the greatest common divisor of 4 and n.
4
Let v = 23 + 9. Let a(t) = 10*t - 2. Let j be a(5). Calculate the highest common divisor of j and v.
16
Let w be 18*3*9/27. What is the greatest common factor of 72 and w?
18
Let q(b) = 4*b - 1. Let n(v) = -3*v + 1. Let w(d) = 5*n(d) + 4*q(d). Let a be w(8). Calculate the greatest common divisor of 45 and a.
9
Suppose 61 = 5*k + 1. What is the highest common divisor of 12 and k?
12
Let t be -4*((-2)/2 + 0). Suppose r + 5*h = 3, -r - 2*r + t*h = 10. Let q be 27*((-4)/r)/6. What is the highest common divisor of 45 and q?
9
Suppose 2*s = 91 + 79. What is the highest common factor of s and 34?
17
Let s(g) = -g**3 - g**2 + 3*g - 1. Let h be s(-6). Suppose 109 = -2*q + y - 98, -2*q = 2*y + 222. Let j = q + h. What is the greatest common factor of 5 and j?
5
Let j be (-4)/(-10)*30/2. Let w be ((-5)/(10/(-54)))/(-1). Let b be (-58)/(-18) - (-6)/w. What is the highest common divisor of j and b?
3
Suppose 41 - 107 = 2*g. Let t be (-17)/((-96)/g + -3). Let o(q) = 10*q - 3. Let p be o(2). What is the highest common factor of t and p?
17
Let t(v) = v**2 - 4*v + 2. Suppose 0 = 8*b - 3*b - 30. Let y be t(b). Let c(a) = -3*a + 2. Let p be c(-4). What is the highest common divisor of y and p?
14
Let v = 13 - 7. Let x be v/(-30) + 72/10. What is the greatest common divisor of x and 14?
7
Let s be (-394)/(-4) + (-4)/(-8). Let b = 87 - 53. Let z = b - 23. Calculate the greatest common factor of z and s.
11
Suppose -5*j + 24 = 3*f + 3, -4*f + 8 = 0. Suppose -j*p + 153 = 5*m - 88, -2*p + 146 = -4*m. Calculate the highest common divisor of 11 and p.
11
Let i be (-1)/((-2)/(-4)) - -7. Suppose 0 = i*f + 20 + 20. Let w be (-2)/((0 + 2)/f). Calculate the greatest common factor of w and 72.
8
Let l be (-1)/4 - 26/(-8). Suppose l*s = 2*s + 81. Suppose -3*q = 2*q - 45. What is the greatest common factor of q and s?
9
Let t be (2 + (-102)/8)/((-2)/40). Calculate the greatest common divisor of 86 and t.
43
Let o be (2 - 6) + 3*6. What is the highest common divisor of o and 21?
7
Let r be (4 + -3)/(-1) - -3. Suppose r*q = -j + 113, q = 2*j - 0*q - 206. What is the greatest common factor of 21 and j?
21
Suppose 0 = 2*d - m - 0*m - 204, 4*m - 120 = -d. What is the highest common divisor of d and 26?
26
Suppose 0 = x - 2*p, 0 = -4*x + p + 2*p. Suppose x = 4*o - 6*y + y - 41, 2*o - 3*y = 19. Calculate the greatest common factor of o and 21.
7
Let s be 2/(((-3)/1)/9). Let m be ((-4)/(-7))/(s/(-21)). Suppose -h + m*h = 5. Calculate the greatest common divisor of 40 and h.
5
Suppose -4*o + 56 = 4*f, -6*o = -4*o - 2*f - 28. Let r be 178/o - (-4)/14. Suppose 5*b + 0 - 715 = 0. Calculate the g